 tens digit of 91275928?
2
What is the hundreds digit of 190720808?
8
What is the tens digit of 54746904?
0
What is the ten thousands digit of 43048385?
4
What is the units digit of 11370414?
4
What is the units digit of 168445789?
9
What is the hundred millions digit of 144524349?
1
What is the units digit of 1797709238?
8
What is the hundreds digit of 991992141?
1
What is the billions digit of 6514605299?
6
What is the millions digit of 49340472?
9
What is the millions digit of 87113085?
7
What is the ten millions digit of 139570467?
3
What is the ten thousands digit of 414387132?
8
What is the units digit of 133452664?
4
What is the ten millions digit of 427367984?
2
What is the billions digit of 1099074489?
1
What is the ten millions digit of 48720313?
4
What is the units digit of 154932506?
6
What is the tens digit of 46548050?
5
What is the billions digit of 3044375913?
3
What is the millions digit of 2394856091?
4
What is the units digit of 1132237843?
3
What is the millions digit of 24499381?
4
What is the hundred millions digit of 103785679?
1
What is the ten millions digit of 19458019?
1
What is the ten millions digit of 46091906?
4
What is the ten millions digit of 68365752?
6
What is the thousands digit of 225459869?
9
What is the hundred millions digit of 136404505?
1
What is the units digit of 346663532?
2
What is the ten thousands digit of 1470132941?
3
What is the hundred millions digit of 458400250?
4
What is the hundred thousands digit of 74440922?
4
What is the hundred millions digit of 3245086345?
2
What is the units digit of 2016344300?
0
What is the hundred thousands digit of 543356315?
3
What is the billions digit of 2576589686?
2
What is the ten millions digit of 2271545124?
7
What is the hundred thousands digit of 101447511?
4
What is the ten millions digit of 1640608015?
4
What is the hundred thousands digit of 393541838?
5
What is the ten millions digit of 3414603110?
1
What is the units digit of 2202153?
3
What is the millions digit of 865619112?
5
What is the millions digit of 662910271?
2
What is the hundred thousands digit of 5811669020?
6
What is the tens digit of 343194557?
5
What is the hundred thousands digit of 190715916?
7
What is the tens digit of 503016?
1
What is the tens digit of 419615850?
5
What is the millions digit of 184398748?
4
What is the thousands digit of 270398290?
8
What is the tens digit of 601836675?
7
What is the tens digit of 212856106?
0
What is the units digit of 1809080362?
2
What is the hundred millions digit of 978933450?
9
What is the hundred millions digit of 1130176887?
1
What is the thousands digit of 199755638?
5
What is the tens digit of 6344329637?
3
What is the tens digit of 1670431652?
5
What is the hundreds digit of 27253876?
8
What is the units digit of 6216955?
5
What is the tens digit of 16138411?
1
What is the ten millions digit of 5337192271?
3
What is the units digit of 514140238?
8
What is the ten thousands digit of 508359581?
5
What is the hundreds digit of 61025498?
4
What is the tens digit of 412149335?
3
What is the hundred thousands digit of 75960499?
9
What is the tens digit of 1658724730?
3
What is the millions digit of 37597879?
7
What is the ten millions digit of 11997108?
1
What is the units digit of 560398269?
9
What is the millions digit of 26836108?
6
What is the millions digit of 2578207679?
8
What is the tens digit of 498373486?
8
What is the thousands digit of 63259482?
9
What is the hundreds digit of 165365872?
8
What is the hundred thousands digit of 809268159?
2
What is the millions digit of 4433948?
4
What is the hundred thousands digit of 132006723?
0
What is the thousands digit of 41763328?
3
What is the thousands digit of 104411325?
1
What is the units digit of 219850720?
0
What is the hundred thousands digit of 58823148?
8
What is the hundred millions digit of 913750769?
9
What is the thousands digit of 34076573?
6
What is the hundred millions digit of 1388220819?
3
What is the hundred thousands digit of 199924548?
9
What is the units digit of 2033611621?
1
What is the thousands digit of 1340601595?
1
What is the hundred thousands digit of 129649243?
6
What is the thousands digit of 123270537?
0
What is the millions digit of 91144625?
1
What is the ten millions digit of 4451216742?
5
What is the millions digit of 3533197581?
3
What is the ten millions digit of 562517502?
6
What is the ten millions digit of 608681969?
0
What is the ten millions digit of 6985104207?
8
What is the ten millions digit of 21958412?
2
What is the hundreds digit of 2612301?
3
What is the hundreds digit of 43837270?
2
What is the ten millions digit of 42297520?
4
What is the hundred thousands digit of 2955703209?
7
What is the units digit of 120859569?
9
What is the hundreds digit of 2792668?
6
What is the hundreds digit of 4051663793?
7
What is the thousands digit of 181599521?
9
What is the hundred thousands digit of 40243845?
2
What is the thousands digit of 450292572?
2
What is the units digit of 1244012369?
9
What is the ten thousands digit of 1378368533?
6
What is the ten thousands digit of 417953858?
5
What is the millions digit of 156673497?
6
What is the hundred millions digit of 1599831199?
5
What is the hundred thousands digit of 148973593?
9
What is the millions digit of 712721298?
2
What is the thousands digit of 35571879?
1
What is the ten millions digit of 1336942930?
3
What is the ten millions digit of 248902981?
4
What is the hundred thousands digit of 202497053?
4
What is the ten thousands digit of 43538967?
3
What is the ten millions digit of 12651858?
1
What is the millions digit of 677860479?
7
What is the hundreds digit of 59896714?
7
What is the ten thousands digit of 1075001541?
0
What is the units digit of 6707859033?
3
What is the hundred millions digit of 1922198104?
9
What is the hundred millions digit of 190158050?
1
What is the ten millions digit of 2498549192?
9
What is the units digit of 134958049?
9
What is the hundred thousands digit of 1371408845?
4
What is the hundred millions digit of 195868798?
1
What is the ten thousands digit of 745289855?
8
What is the hundred thousands digit of 115420811?
4
What is the ten millions digit of 647247179?
4
What is the ten millions digit of 68689034?
6
What is the millions digit of 4033897949?
3
What is the millions digit of 65937557?
5
What is the ten millions digit of 190257812?
9
What is the ten millions digit of 345219957?
4
What is the hundred thousands digit of 142320120?
3
What is the hundred thousands digit of 415213709?
2
What is the units digit of 56770684?
4
What is the hundred thousands digit of 1155492047?
4
What is the thousands digit of 3079225193?
5
What is the hundred thousands digit of 6445085447?
0
What is the thousands digit of 59570554?
0
What is the thousands digit of 27897746?
7
What is the hundreds digit of 389189513?
5
What is the millions digit of 65440375?
5
What is the hundreds digit of 6050376111?
1
What is the millions digit of 72828640?
2
What is the thousands digit of 888983176?
3
What is the hundreds digit of 116794116?
1
What is the ten millions digit of 32405822?
3
What is the thousands digit of 412519241?
9
What is the hundred millions digit of 896149852?
8
What is the ten millions digit of 677999945?
7
What is the thousands digit of 688110561?
0
What is the units digit of 25827496?
6
What is the tens digit of 724177679?
7
What is the ten millions digit of 2836997900?
3
What is the hundreds digit of 1565550371?
3
What is the hundred millions digit of 257277142?
2
What is the ten thousands digit of 109878015?
7
What is the hundreds digit of 677857502?
5
What is the billions digit of 2428441832?
2
What is the hundreds digit of 114848260?
2
What is the tens digit of 314553868?
6
What is the hundred thousands digit of 51255084?
2
What is the thousands digit of 43145124?
5
What is the hundred millions digit of 1417788110?
4
What is the units digit of 61028458?
8
What is the millions digit of 102316939?
2
What is the hundred millions digit of 504126813?
5
What is the units digit of 443272104?
4
What is the millions digit of 274411069?
4
What is the hundred millions digit of 940716123?
9
What is the units digit of 92007092?
2
What is the units digit of 757969109?
